{"id":2511,"date":"2018-10-08T13:59:31","date_gmt":"2018-10-08T11:59:31","guid":{"rendered":"http:\/\/www.hoerhof.de\/2019\/?page_id=2511"},"modified":"2021-05-19T20:33:56","modified_gmt":"2021-05-19T18:33:56","slug":"die-geschichte","status":"publish","type":"page","link":"https:\/\/www.hoerhof.de\/start\/hoeerhof-idstein-hotel\/die-geschichte\/","title":{"rendered":"Die Geschichte"},"content":{"rendered":"<section class=\"wpb-content-wrapper\"><p>[vc_row full_width=&#8221;stretch_row_content_no_spaces&#8221;][vc_column width=&#8221;1\/6&#8243;][\/vc_column][vc_column width=&#8221;5\/6&#8243;]<img decoding=\"async\"  id=\"start-img\" class=\"img-responsive  \" src=\"https:\/\/www.hoerhof.de\/start\/wp-content\/uploads\/2018\/10\/geschichte-header.jpg\" alt=\"\">[\/vc_column][\/vc_row][vc_row][vc_column css=&#8221;.vc_custom_1538474433609{margin-top: -10px !important;margin-bottom: 0px !important;}&#8221;][vc_row_inner][vc_column_inner width=&#8221;1\/2&#8243; css=&#8221;.vc_custom_1538474405016{padding-top: 0px !important;padding-right: 0px !important;padding-bottom: 0px !important;padding-left: 15px !important;}&#8221;]<link href='http:\/\/fonts.googleapis.com\/css?family=Ubuntu:400' rel='stylesheet' type='text\/css'><div  class=\"special-text\" style=\" font-family:Ubuntu, san-serif; font-size:80px; font-weight:400; text-align:left; color:#11263d; margin-top:100px;\"><p class=\"p1\"><span class=\"s1\">GESCHICHTE<\/span><\/p>\n<\/div>[\/vc_column_inner][vc_column_inner width=&#8221;1\/2&#8243;][\/vc_column_inner][\/vc_row_inner][\/vc_column][\/vc_row][vc_row css=&#8221;.vc_custom_1539001023969{padding-top: 150px !important;}&#8221;][vc_column width=&#8221;1\/2&#8243; css=&#8221;.vc_custom_1537887176394{padding-right: 100px !important;}&#8221;]<link href='http:\/\/fonts.googleapis.com\/css?family=Playfair+Display:300' rel='stylesheet' type='text\/css'><h4  class=\"special-text\" style=\" font-family:Playfair Display, san-serif; font-size:16px; font-weight:300; line-height:1.7em; color:#9a8a61; text-transform:uppercase; letter-spacing:6px;\"><p>DIE GESCHICHTE<\/p>\n<\/h4><div  class=\"special-text\" style=\" font-size:24px; font-weight:700; line-height:34px; text-align:left; color:#11273d; text-transform:uppercase; letter-spacing:2px; margin-top:15px;\"><p>\u201eDas Schl\u00f6sschen\u201c<\/p>\n<\/div><link href='http:\/\/fonts.googleapis.com\/css?family=Ubuntu:400' rel='stylesheet' type='text\/css'><h4  class=\"special-text\" style=\" font-family:Ubuntu, san-serif; font-size:14px; font-weight:400; line-height:2.2em; text-align:left; color:#11263d; margin-top:30px;\"><p class=\"p1\"><span class=\"s1\">Die Idsteiner nennen das perfekt und hochkar\u00e4tig restaurierte Anwesen im oberen Teil der Altstadt \u201eDas Schl\u00f6\u00dfchen&#8221;. Aus gutem Grund &#8211; denn das heutige Restaurant und Hotel H\u00d6ERHOF wurde vom Baumeister der Grafen Nassau-Idstein, Henrich Heer, in den Jahren 1620-1626, als dessen Privat-Wohnsitz erbaut. Die Grafen hatten ihrem Hofarchitekten das Areal als Anerkennung geschenkt.<\/span><\/p>\n<\/h4>[\/vc_column][vc_column width=&#8221;1\/2&#8243;][vc_single_image image=&#8221;4209&#8243; img_size=&#8221;full&#8221;][\/vc_column][\/vc_row][vc_row css=&#8221;.vc_custom_1539001252824{padding-top: 50px !important;padding-bottom: 50px !important;}&#8221;][vc_column width=&#8221;3\/5&#8243; css=&#8221;.vc_custom_1537887176394{padding-right: 100px !important;}&#8221;][vc_single_image image=&#8221;2525&#8243; img_size=&#8221;full&#8221;][\/vc_column][vc_column width=&#8221;2\/5&#8243;]<link href='http:\/\/fonts.googleapis.com\/css?family=Ubuntu:400' rel='stylesheet' type='text\/css'><h4  class=\"special-text\" style=\" font-family:Ubuntu, san-serif; font-size:14px; font-weight:400; line-height:2.2em; text-align:left; color:#11263d; margin-top:30px;\"><p>Henrich Heer, Sch\u00f6pfer des Idsteiner Schlosses, hat sich seine Pl\u00e4ne f\u00fcr seine adligen Auftraggeber abgekupfert: Die \u00c4hnlichkeit zwischen H\u00d6ERHOF und Schloss ist un\u00fcbersehbar. Anno 1911 hatte der Kunstmaler Ernst T\u00f6pfer das Anwesen gekauft und den Renaissancebau restauriert.<\/p>\n<p>Bis zu seinem Tode war der K\u00fcnstler in Idstein t\u00e4tig und setzte sich schon damals f\u00fcr die Erhaltung der Idsteiner Altstadt ein.<\/p>\n<\/h4>[\/vc_column][\/vc_row][vc_row css=&#8221;.vc_custom_1539001261628{padding-bottom: 150px !important;}&#8221;][vc_column width=&#8221;3\/5&#8243; css=&#8221;.vc_custom_1537887176394{padding-right: 100px !important;}&#8221;]<link href='http:\/\/fonts.googleapis.com\/css?family=Ubuntu:400' rel='stylesheet' type='text\/css'><h4  class=\"special-text\" style=\" font-family:Ubuntu, san-serif; font-size:14px; font-weight:400; line-height:2.2em; text-align:left; color:#11263d; margin-top:30px;\"><p>Im Jahre 1990 wurde die Ruine dann von dem Ehepaar Schl\u00fcter erworben und restauriert. In den alten Scheunen, St\u00e4llen und Lagerr\u00e4umen rund um den Innenhof und seine Linde entstanden 14 unterschiedlich geschnittene Zimmer und Suiten, Innen- und Au\u00dfengastronomie, ein Jazzkeller und ein attraktiver Mansarden-Konferenzraum mit Blick auf das Fachwerk-Bilderbuch von Idsteins Altstadt.<\/p>\n<p>Dem historischen \u00c4u\u00dferen entsprechend wurde das Innere klassisch modern mit ausgew\u00e4hlten Accessoires von namhaften Designern gestaltet.<\/p>\n<p>Im Jahre 1985 wurde das Engagement durch die Auszeichnung f\u00fcr stilgerechte Fassaden-Renovierung gew\u00fcrdigt. 1993 hat die Stadt Idstein zudem noch das Anwesen mit der \u201eFassaden-Plakette&#8221; gew\u00fcrdigt.<\/p>\n<\/h4><link href='http:\/\/fonts.googleapis.com\/css?family=Ubuntu:700' rel='stylesheet' type='text\/css'><div  class=\"special-text\" style=\" font-family:Ubuntu, san-serif; font-size:12px; font-weight:700; text-align:left; color:#9a8a61; text-transform:uppercase; letter-spacing:1px; margin-top:25px;\"><p><a href=\"https:\/\/de.wikipedia.org\/wiki\/H%C3%B6erhof\" target=\"_blank\" rel=\"noopener noreferrer\">Mehr auf Wikipedia<i class=\"vc_btn3-icon fa fa-arrow-right\" style=\"font-weight: normal !important; font-size: 8px !important; margin-left: 10px; top: -2px; position: relative;\"><\/i><\/a><\/p>\n<\/div>[\/vc_column][vc_column width=&#8221;2\/5&#8243;][vc_single_image image=&#8221;2529&#8243; img_size=&#8221;full&#8221;][\/vc_column][\/vc_row][vc_row css=&#8221;.vc_custom_1539695147830{padding-bottom: 150px !important;}&#8221;][vc_column]<link href='http:\/\/fonts.googleapis.com\/css?family=Ubuntu:700' rel='stylesheet' type='text\/css'><div  class=\"special-text\" style=\" font-family:Ubuntu, san-serif; font-size:12px; font-weight:700; text-align:left; color:#9a8a61; text-transform:uppercase; letter-spacing:1px; margin-top:25px;\"><p><a href=\"https:\/\/www.hoerhof.de\/2019\/der-hoeerhof\/\/\"><i class=\"vc_btn3-icon fa fa-arrow-left\" style=\"font-weight: normal !important; font-size: 8px !important; margin-right: 10px; top: -2px; position: relative;\"><\/i>Zur\u00fcck<\/a><\/p>\n<\/div>[\/vc_column][\/vc_row]<\/p>\n<\/section>","protected":false},"excerpt":{"rendered":"<p>[vc_row full_width=&#8221;stretch_row_content_no_spaces&#8221;][vc_column width=&#8221;1\/6&#8243;][\/vc_column][vc_column width=&#8221;5\/6&#8243;][\/vc_column][\/vc_row][vc_row][vc_column css=&#8221;.vc_custom_1538474433609{margin-top: -10px !important;margin-bottom: 0px !important;}&#8221;][vc_row_inner][vc_column_inner width=&#8221;1\/2&#8243; css=&#8221;.vc_custom_1538474405016{padding-top: 0px !important;padding-right: 0px !important;padding-bottom: 0px !important;padding-left: 15px !important;}&#8221;][\/vc_column_inner][vc_column_inner width=&#8221;1\/2&#8243;][\/vc_column_inner][\/vc_row_inner][\/vc_column][\/vc_row][vc_row css=&#8221;.vc_custom_1539001023969{padding-top: 150px !important;}&#8221;][vc_column width=&#8221;1\/2&#8243; css=&#8221;.vc_custom_1537887176394{padding-right: 100px !important;}&#8221;][\/vc_column][vc_column width=&#8221;1\/2&#8243;][vc_single_image image=&#8221;4209&#8243; img_size=&#8221;full&#8221;][\/vc_column][\/vc_row][vc_row [&hellip;]<\/p>\n","protected":false},"author":2,"featured_media":0,"parent":2071,"menu_order":0,"comment_status":"closed","ping_status":"closed","template":"","meta":{"_price":"","_stock":"","_tribe_ticket_header":"","_tribe_default_ticket_provider":"","_tribe_ticket_capacity":"0","_ticket_start_date":"","_ticket_end_date":"","_tribe_ticket_show_description":"","_tribe_ticket_show_not_going":false,"_tribe_ticket_use_global_stock":"","_tribe_ticket_global_stock_level":"","_global_stock_mode":"","_global_stock_cap":"","_tribe_rsvp_for_event":"","_tribe_ticket_going_count":"","_tribe_ticket_not_going_count":"","_tribe_tickets_list":"[]","_tribe_ticket_has_attendee_info_fields":false,"footnotes":"","_tec_slr_enabled":"","_tec_slr_layout":"","_links_to":"","_links_to_target":""},"class_list":["post-2511","page","type-page","status-publish","hentry"],"yoast_head":"<!-- This site is optimized with the Yoast SEO plugin v27.5 - https:\/\/yoast.com\/product\/yoast-seo-wordpress\/ -->\n<title>Eine bewegende Geschichte eines 400 Jahre alten Fachwerkhauses<\/title>\n<meta name=\"description\" content=\"Die Idsteiner nennen das perfekt und hochkar\u00e4tig restaurierte Anwesen im oberen Teil der Altstadt \u201eDas Schl\u00f6\u00dfchen\u201d. Aus gutem Grund \u2013 denn das heutige ...\" \/>\n<meta name=\"robots\" content=\"index, follow, max-snippet:-1, max-image-preview:large, max-video-preview:-1\" \/>\n<link rel=\"canonical\" href=\"https:\/\/www.hoerhof.de\/start\/hoeerhof-idstein-hotel\/die-geschichte\/\" \/>\n<meta property=\"og:locale\" content=\"de_DE\" \/>\n<meta property=\"og:type\" content=\"article\" \/>\n<meta property=\"og:title\" content=\"Eine bewegende Geschichte eines 400 Jahre alten Fachwerkhauses\" \/>\n<meta property=\"og:description\" content=\"Die Idsteiner nennen das perfekt und hochkar\u00e4tig restaurierte Anwesen im oberen Teil der Altstadt \u201eDas Schl\u00f6\u00dfchen\u201d. Aus gutem Grund \u2013 denn das heutige ...\" \/>\n<meta property=\"og:url\" content=\"https:\/\/www.hoerhof.de\/start\/hoeerhof-idstein-hotel\/die-geschichte\/\" \/>\n<meta property=\"og:site_name\" content=\"Restaurant ****Hotel H\u00d6ERHOF in Idstein bei Frankfurt\" \/>\n<meta property=\"article:modified_time\" content=\"2021-05-19T18:33:56+00:00\" \/>\n<meta name=\"twitter:label1\" content=\"Gesch\u00e4tzte Lesezeit\" \/>\n\t<meta name=\"twitter:data1\" content=\"2\u00a0Minuten\" \/>\n<script type=\"application\/ld+json\" class=\"yoast-schema-graph\">{\"@context\":\"https:\\\/\\\/schema.org\",\"@graph\":[{\"@type\":\"WebPage\",\"@id\":\"https:\\\/\\\/www.hoerhof.de\\\/start\\\/hoeerhof-idstein-hotel\\\/die-geschichte\\\/\",\"url\":\"https:\\\/\\\/www.hoerhof.de\\\/start\\\/hoeerhof-idstein-hotel\\\/die-geschichte\\\/\",\"name\":\"Eine bewegende Geschichte eines 400 Jahre alten Fachwerkhauses\",\"isPartOf\":{\"@id\":\"https:\\\/\\\/www.hoerhof.de\\\/start\\\/#website\"},\"datePublished\":\"2018-10-08T11:59:31+00:00\",\"dateModified\":\"2021-05-19T18:33:56+00:00\",\"description\":\"Die Idsteiner nennen das perfekt und hochkar\u00e4tig restaurierte Anwesen im oberen Teil der Altstadt \u201eDas Schl\u00f6\u00dfchen\u201d. Aus gutem Grund \u2013 denn das heutige ...\",\"breadcrumb\":{\"@id\":\"https:\\\/\\\/www.hoerhof.de\\\/start\\\/hoeerhof-idstein-hotel\\\/die-geschichte\\\/#breadcrumb\"},\"inLanguage\":\"de\",\"potentialAction\":[{\"@type\":\"ReadAction\",\"target\":[\"https:\\\/\\\/www.hoerhof.de\\\/start\\\/hoeerhof-idstein-hotel\\\/die-geschichte\\\/\"]}]},{\"@type\":\"BreadcrumbList\",\"@id\":\"https:\\\/\\\/www.hoerhof.de\\\/start\\\/hoeerhof-idstein-hotel\\\/die-geschichte\\\/#breadcrumb\",\"itemListElement\":[{\"@type\":\"ListItem\",\"position\":1,\"name\":\"Startseite\",\"item\":\"https:\\\/\\\/www.hoerhof.de\\\/start\\\/\"},{\"@type\":\"ListItem\",\"position\":2,\"name\":\"Der H\u00f6erhof\",\"item\":\"https:\\\/\\\/www.hoerhof.de\\\/start\\\/hoeerhof-idstein-hotel\\\/\"},{\"@type\":\"ListItem\",\"position\":3,\"name\":\"Die Geschichte\"}]},{\"@type\":\"WebSite\",\"@id\":\"https:\\\/\\\/www.hoerhof.de\\\/start\\\/#website\",\"url\":\"https:\\\/\\\/www.hoerhof.de\\\/start\\\/\",\"name\":\"Restaurant ****Hotel H\u00d6ERHOF in Idstein bei Frankfurt\",\"description\":\"Speisen und Schlafen vom Feinsten\",\"potentialAction\":[{\"@type\":\"SearchAction\",\"target\":{\"@type\":\"EntryPoint\",\"urlTemplate\":\"https:\\\/\\\/www.hoerhof.de\\\/start\\\/?s={search_term_string}\"},\"query-input\":{\"@type\":\"PropertyValueSpecification\",\"valueRequired\":true,\"valueName\":\"search_term_string\"}}],\"inLanguage\":\"de\"}]}<\/script>\n<!-- \/ Yoast SEO plugin. -->","yoast_head_json":{"title":"Eine bewegende Geschichte eines 400 Jahre alten Fachwerkhauses","description":"Die Idsteiner nennen das perfekt und hochkar\u00e4tig restaurierte Anwesen im oberen Teil der Altstadt \u201eDas Schl\u00f6\u00dfchen\u201d. Aus gutem Grund \u2013 denn das heutige ...","robots":{"index":"index","follow":"follow","max-snippet":"max-snippet:-1","max-image-preview":"max-image-preview:large","max-video-preview":"max-video-preview:-1"},"canonical":"https:\/\/www.hoerhof.de\/start\/hoeerhof-idstein-hotel\/die-geschichte\/","og_locale":"de_DE","og_type":"article","og_title":"Eine bewegende Geschichte eines 400 Jahre alten Fachwerkhauses","og_description":"Die Idsteiner nennen das perfekt und hochkar\u00e4tig restaurierte Anwesen im oberen Teil der Altstadt \u201eDas Schl\u00f6\u00dfchen\u201d. Aus gutem Grund \u2013 denn das heutige ...","og_url":"https:\/\/www.hoerhof.de\/start\/hoeerhof-idstein-hotel\/die-geschichte\/","og_site_name":"Restaurant ****Hotel H\u00d6ERHOF in Idstein bei Frankfurt","article_modified_time":"2021-05-19T18:33:56+00:00","twitter_misc":{"Gesch\u00e4tzte Lesezeit":"2\u00a0Minuten"},"schema":{"@context":"https:\/\/schema.org","@graph":[{"@type":"WebPage","@id":"https:\/\/www.hoerhof.de\/start\/hoeerhof-idstein-hotel\/die-geschichte\/","url":"https:\/\/www.hoerhof.de\/start\/hoeerhof-idstein-hotel\/die-geschichte\/","name":"Eine bewegende Geschichte eines 400 Jahre alten Fachwerkhauses","isPartOf":{"@id":"https:\/\/www.hoerhof.de\/start\/#website"},"datePublished":"2018-10-08T11:59:31+00:00","dateModified":"2021-05-19T18:33:56+00:00","description":"Die Idsteiner nennen das perfekt und hochkar\u00e4tig restaurierte Anwesen im oberen Teil der Altstadt \u201eDas Schl\u00f6\u00dfchen\u201d. Aus gutem Grund \u2013 denn das heutige ...","breadcrumb":{"@id":"https:\/\/www.hoerhof.de\/start\/hoeerhof-idstein-hotel\/die-geschichte\/#breadcrumb"},"inLanguage":"de","potentialAction":[{"@type":"ReadAction","target":["https:\/\/www.hoerhof.de\/start\/hoeerhof-idstein-hotel\/die-geschichte\/"]}]},{"@type":"BreadcrumbList","@id":"https:\/\/www.hoerhof.de\/start\/hoeerhof-idstein-hotel\/die-geschichte\/#breadcrumb","itemListElement":[{"@type":"ListItem","position":1,"name":"Startseite","item":"https:\/\/www.hoerhof.de\/start\/"},{"@type":"ListItem","position":2,"name":"Der H\u00f6erhof","item":"https:\/\/www.hoerhof.de\/start\/hoeerhof-idstein-hotel\/"},{"@type":"ListItem","position":3,"name":"Die Geschichte"}]},{"@type":"WebSite","@id":"https:\/\/www.hoerhof.de\/start\/#website","url":"https:\/\/www.hoerhof.de\/start\/","name":"Restaurant ****Hotel H\u00d6ERHOF in Idstein bei Frankfurt","description":"Speisen und Schlafen vom Feinsten","potentialAction":[{"@type":"SearchAction","target":{"@type":"EntryPoint","urlTemplate":"https:\/\/www.hoerhof.de\/start\/?s={search_term_string}"},"query-input":{"@type":"PropertyValueSpecification","valueRequired":true,"valueName":"search_term_string"}}],"inLanguage":"de"}]}},"ticketed":false,"_links":{"self":[{"href":"https:\/\/www.hoerhof.de\/start\/wp-json\/wp\/v2\/pages\/2511","targetHints":{"allow":["GET"]}}],"collection":[{"href":"https:\/\/www.hoerhof.de\/start\/wp-json\/wp\/v2\/pages"}],"about":[{"href":"https:\/\/www.hoerhof.de\/start\/wp-json\/wp\/v2\/types\/page"}],"author":[{"embeddable":true,"href":"https:\/\/www.hoerhof.de\/start\/wp-json\/wp\/v2\/users\/2"}],"replies":[{"embeddable":true,"href":"https:\/\/www.hoerhof.de\/start\/wp-json\/wp\/v2\/comments?post=2511"}],"version-history":[{"count":5,"href":"https:\/\/www.hoerhof.de\/start\/wp-json\/wp\/v2\/pages\/2511\/revisions"}],"predecessor-version":[{"id":5302,"href":"https:\/\/www.hoerhof.de\/start\/wp-json\/wp\/v2\/pages\/2511\/revisions\/5302"}],"up":[{"embeddable":true,"href":"https:\/\/www.hoerhof.de\/start\/wp-json\/wp\/v2\/pages\/2071"}],"wp:attachment":[{"href":"https:\/\/www.hoerhof.de\/start\/wp-json\/wp\/v2\/media?parent=2511"}],"curies":[{"name":"wp","href":"https:\/\/api.w.org\/{rel}","templated":true}]}}