{"id":2945,"date":"2018-10-09T18:00:23","date_gmt":"2018-10-09T16:00:23","guid":{"rendered":"http:\/\/www.hoerhof.de\/2019\/?page_id=2945"},"modified":"2020-05-06T17:52:29","modified_gmt":"2020-05-06T15:52:29","slug":"traumhochzeit-planen","status":"publish","type":"page","link":"https:\/\/www.hoerhof.de\/start\/hochzeit-hoehrhof-idstein\/traumhochzeit-planen\/","title":{"rendered":"Traumhochzeit planen"},"content":{"rendered":"<section class=\"wpb-content-wrapper\"><p>[vc_row full_width=&#8221;stretch_row_content_no_spaces&#8221;][vc_column width=&#8221;1\/6&#8243;][\/vc_column][vc_column width=&#8221;5\/6&#8243;]<img decoding=\"async\"  id=\"start-img\" class=\"img-responsive  \" src=\"https:\/\/www.hoerhof.de\/start\/wp-content\/uploads\/2018\/10\/planen-header.jpg\" alt=\"\">[\/vc_column][vc_column][\/vc_column][\/vc_row][vc_row][vc_column css=&#8221;.vc_custom_1539101041277{margin-top: -40px !important;margin-bottom: 0px !important;}&#8221;][vc_row_inner][vc_column_inner width=&#8221;1\/2&#8243; css=&#8221;.vc_custom_1538474405016{padding-top: 0px !important;padding-right: 0px !important;padding-bottom: 0px !important;padding-left: 15px !important;}&#8221;]<link href='http:\/\/fonts.googleapis.com\/css?family=Ubuntu:400' rel='stylesheet' type='text\/css'><div  class=\"special-text\" style=\" font-family:Ubuntu, san-serif; font-size:80px; font-weight:400; line-height:1; text-align:left; color:#162c41;\"><p class=\"p1\"><span class=\"s1\">TRAUMHOCHZEIT PLANEN<\/span><\/p>\n<\/div>[\/vc_column_inner][vc_column_inner width=&#8221;1\/2&#8243;][\/vc_column_inner][\/vc_row_inner][\/vc_column][\/vc_row][vc_row css=&#8221;.vc_custom_1539164788462{padding-top: 150px !important;padding-bottom: 50px !important;}&#8221;][vc_column css=&#8221;.vc_custom_1537887176394{padding-right: 100px !important;}&#8221;][vc_row_inner][vc_column_inner]<link href='http:\/\/fonts.googleapis.com\/css?family=Playfair+Display:300' rel='stylesheet' type='text\/css'><h4  class=\"special-text\" style=\" font-family:Playfair Display, san-serif; font-size:16px; font-weight:300; line-height:1.7em; color:#9a8a61; text-transform:uppercase; letter-spacing:6px;\"><p class=\"p1\">Planen Sie ganz einfach Ihre Traumhochzeit<\/p>\n<\/h4>[vc_empty_space height=&#8221;40&#8243;]<div class=\"text-block \" ><div class=\"simple-text \"><p>Damit Ihre Hochzeit zum sch\u00f6nsten Tag im Leben wird, ist eine detaillierte\u00a0Planung und besonders das richtige Timing notwendig. Wir haben f\u00fcr Sie Ihren\u00a0pers\u00f6nlichen\u00a0<b>Hochzeitstermin-Planer<\/b>\u00a0vorbereitet, der Ihnen zu einer perfekten\u00a0Organisation des Festes verhilft \u2013 ohne dass Sie dabei in Stress geraten.<\/p>\n<\/div><\/div>[vc_empty_space height=&#8221;100&#8243;]<link href='http:\/\/fonts.googleapis.com\/css?family=Playfair+Display:300' rel='stylesheet' type='text\/css'><div  class=\"special-text\" style=\" font-family:Playfair Display, san-serif; font-size:30px; font-weight:300; line-height:1.5; text-align:center; color:#c9c9c9;\"><p style=\"text-align: center;\">&#8220;Liebe hat kein Ma\u00df der Zeit,<\/p>\n<p style=\"text-align: center;\">sie keimt und bl\u00fcht in einer<\/p>\n<p style=\"text-align: center;\">sch\u00f6nen Stunde&#8221;<\/p>\n<\/div><div class=\"text-block \" ><div class=\"simple-text \"><p><small style=\"font-size: 12px;\"><\/small><\/p>\n<p style=\"text-align: center;\"><span style=\"color: #988860;\"><em>Theodor K\u00f6rner<\/em><\/span><\/p>\n<\/div><\/div>[vc_empty_space height=&#8221;100&#8243;][\/vc_column_inner][\/vc_row_inner][vc_separator][vc_empty_space height=&#8221;100&#8243;]<link href='http:\/\/fonts.googleapis.com\/css?family=Playfair+Display:300' rel='stylesheet' type='text\/css'><h4  class=\"special-text\" style=\" font-family:Playfair Display, san-serif; font-size:16px; font-weight:300; line-height:1.7em; color:#9a8a61; text-transform:uppercase; letter-spacing:6px;\"><p>Noch 8 bis 12 Monate zum gro\u00dfen Tag<\/p>\n<\/h4>[vc_empty_space height=&#8221;30&#8243;]<div class=\"text-block \" ><div class=\"simple-text \"><ul style=\"line-height: 2;\">\n<li>Terminabsprache, Besprechung von finanziellen Einzelheiten (Budget)<\/li>\n<li>Men\u00fcvorschl\u00e4ge der Lokalit\u00e4ten einholen<\/li>\n<li>Hochzeitsgarderobe ausw\u00e4hlen<\/li>\n<li>Fotograf buchen<\/li>\n<\/ul>\n<\/div><\/div>[\/vc_column][\/vc_row][vc_row css=&#8221;.vc_custom_1539164795728{padding-bottom: 50px !important;}&#8221;][vc_column]<link href='http:\/\/fonts.googleapis.com\/css?family=Playfair+Display:300' rel='stylesheet' type='text\/css'><h4  class=\"special-text\" style=\" font-family:Playfair Display, san-serif; font-size:16px; font-weight:300; line-height:1.7em; color:#9a8a61; text-transform:uppercase; letter-spacing:6px;\"><p>Noch 6 Monate<\/p>\n<\/h4>[vc_empty_space height=&#8221;30&#8243;]<div class=\"text-block \" ><div class=\"simple-text \"><ul style=\"line-height: 2;\">\n<li>Aufgebot beim Standesamt bestellen<\/li>\n<li>Papiere und Dokumente besorgen<\/li>\n<li>Trauzeugen ausw\u00e4hlen<\/li>\n<\/ul>\n<\/div><\/div>[\/vc_column][\/vc_row][vc_row css=&#8221;.vc_custom_1539164795728{padding-bottom: 50px !important;}&#8221;][vc_column]<link href='http:\/\/fonts.googleapis.com\/css?family=Playfair+Display:300' rel='stylesheet' type='text\/css'><h4  class=\"special-text\" style=\" font-family:Playfair Display, san-serif; font-size:16px; font-weight:300; line-height:1.7em; color:#9a8a61; text-transform:uppercase; letter-spacing:6px;\"><p>Noch 3 Monate<\/p>\n<\/h4>[vc_empty_space height=&#8221;30&#8243;]<div class=\"text-block \" ><div class=\"simple-text \"><ul style=\"line-height: 2;\">\n<li>Termin mit dem Friseur vereinbaren f\u00fcr Probefrisur und Make Up<\/li>\n<li>Hochzeitsfahrzeug bestellen<\/li>\n<li>G\u00e4steliste erstellen und Einladungskarten verschicken<\/li>\n<li>Hochzeitsreise buchen<\/li>\n<\/ul>\n<\/div><\/div>[\/vc_column][\/vc_row][vc_row css=&#8221;.vc_custom_1539164795728{padding-bottom: 50px !important;}&#8221;][vc_column]<link href='http:\/\/fonts.googleapis.com\/css?family=Playfair+Display:300' rel='stylesheet' type='text\/css'><h4  class=\"special-text\" style=\" font-family:Playfair Display, san-serif; font-size:16px; font-weight:300; line-height:1.7em; color:#9a8a61; text-transform:uppercase; letter-spacing:6px;\"><p>Noch 2 Monate<\/p>\n<\/h4>[vc_empty_space height=&#8221;30&#8243;]<div class=\"text-block \" ><div class=\"simple-text \"><ul style=\"line-height: 2;\">\n<li>\u00dcbernachtungsm\u00f6glichkeiten f\u00fcr ausw\u00e4rtige G\u00e4ste buchen<\/li>\n<li>Programm f\u00fcr das Hochzeitsfest zusammenstellen<\/li>\n<\/ul>\n<\/div><\/div>[\/vc_column][\/vc_row][vc_row css=&#8221;.vc_custom_1539164795728{padding-bottom: 50px !important;}&#8221;][vc_column]<link href='http:\/\/fonts.googleapis.com\/css?family=Playfair+Display:300' rel='stylesheet' type='text\/css'><h4  class=\"special-text\" style=\" font-family:Playfair Display, san-serif; font-size:16px; font-weight:300; line-height:1.7em; color:#9a8a61; text-transform:uppercase; letter-spacing:6px;\"><p>Noch 6 Wochen<\/p>\n<\/h4>[vc_empty_space height=&#8221;30&#8243;]<div class=\"text-block \" ><div class=\"simple-text \"><ul style=\"line-height: 2;\">\n<li>Trauringe ausw\u00e4hlen<\/li>\n<li>Polterabend organisieren<\/li>\n<li>Bei G\u00fctertrennung Vertrag unterschreiben<\/li>\n<li>Versicherungen vergleichen und anpassen<\/li>\n<\/ul>\n<\/div><\/div>[\/vc_column][\/vc_row][vc_row css=&#8221;.vc_custom_1539164795728{padding-bottom: 50px !important;}&#8221;][vc_column]<link href='http:\/\/fonts.googleapis.com\/css?family=Playfair+Display:300' rel='stylesheet' type='text\/css'><h4  class=\"special-text\" style=\" font-family:Playfair Display, san-serif; font-size:16px; font-weight:300; line-height:1.7em; color:#9a8a61; text-transform:uppercase; letter-spacing:6px;\"><p>Noch 4 Wochen<\/p>\n<\/h4>[vc_empty_space height=&#8221;30&#8243;]<div class=\"text-block \" ><div class=\"simple-text \"><ul style=\"line-height: 2;\">\n<li>Brautstrau\u00df, Blumenschmuck f\u00fcr Auto, Kirche und Feier bestellen<\/li>\n<li>Men\u00fcbesprechung, Hochzeitstorte<\/li>\n<li>Zum Polterabend einladen<\/li>\n<\/ul>\n<\/div><\/div>[\/vc_column][\/vc_row][vc_row css=&#8221;.vc_custom_1539164795728{padding-bottom: 50px !important;}&#8221;][vc_column]<link href='http:\/\/fonts.googleapis.com\/css?family=Playfair+Display:300' rel='stylesheet' type='text\/css'><h4  class=\"special-text\" style=\" font-family:Playfair Display, san-serif; font-size:16px; font-weight:300; line-height:1.7em; color:#9a8a61; text-transform:uppercase; letter-spacing:6px;\"><p>Noch 2 Wochen<\/p>\n<\/h4>[vc_empty_space height=&#8221;30&#8243;]<div class=\"text-block \" ><div class=\"simple-text \"><ul style=\"line-height: 2;\">\n<li>Hochzeitsgarderobe nochmals anprobieren und evtl. \u00e4ndern lassen<\/li>\n<li>Hochzeitsschuhe kaufen<\/li>\n<li>Eheringe abholen<\/li>\n<li>Tischordnung festlegen, G\u00e4stebuch kaufen<\/li>\n<li>Friseurtermin f\u00fcr den Br\u00e4utigam organisieren<\/li>\n<li>Jetzt wird gepoltert!<\/li>\n<\/ul>\n<\/div><\/div>[\/vc_column][\/vc_row][vc_row css=&#8221;.vc_custom_1539165811888{padding-bottom: 150px !important;}&#8221;][vc_column]<link href='http:\/\/fonts.googleapis.com\/css?family=Playfair+Display:300' rel='stylesheet' type='text\/css'><h4  class=\"special-text\" style=\" font-family:Playfair Display, san-serif; font-size:16px; font-weight:300; line-height:1.7em; color:#9a8a61; text-transform:uppercase; letter-spacing:6px;\"><p>Noch 1 Woche<\/p>\n<\/h4>[vc_empty_space height=&#8221;30&#8243;]<div class=\"text-block \" ><div class=\"simple-text \"><ul style=\"line-height: 2;\">\n<li>Danksagung versenden<\/li>\n<li>Namens\u00e4nderung bekannt geben (Meldeamt, Versicherung, Banken, etc.)<\/li>\n<\/ul>\n<\/div><\/div>[vc_empty_space height=&#8221;100&#8243;]<link href='http:\/\/fonts.googleapis.com\/css?family=Playfair+Display:300' rel='stylesheet' type='text\/css'><div  class=\"special-text\" style=\" font-family:Playfair Display, san-serif; font-size:30px; font-weight:300; line-height:1.5; text-align:center; color:#c9c9c9;\"><p style=\"text-align: center;\">\u201eGl\u00fcck ist Liebe, nichts anderes.<\/p>\n<p style=\"text-align: center;\">Wer lieben kann ist gl\u00fccklich\u201c<\/p>\n<\/div><div class=\"text-block \" ><div class=\"simple-text \"><p style=\"text-align: center;\"><span style=\"color: #988860;\"><em><i>Herrmann Hesse<\/i><\/em><\/span><\/p>\n<\/div><\/div>[\/vc_column][\/vc_row][vc_row css=&#8221;.vc_custom_1539166341090{padding-bottom: 150px !important;}&#8221;][vc_column width=&#8221;5\/12&#8243; css=&#8221;.vc_custom_1537887176394{padding-right: 100px !important;}&#8221;]<link href='http:\/\/fonts.googleapis.com\/css?family=Playfair+Display:300' rel='stylesheet' type='text\/css'><h4  class=\"special-text\" style=\" font-family:Playfair Display, san-serif; font-size:16px; font-weight:300; line-height:1.7em; color:#9a8a61; text-transform:uppercase; letter-spacing:6px;\"><p class=\"p1\"><span class=\"s1\">Alles aus einer hand<\/span><\/p>\n<\/h4><link href='http:\/\/fonts.googleapis.com\/css?family=Ubuntu:400' rel='stylesheet' type='text\/css'><h4  class=\"special-text\" style=\" font-family:Ubuntu, san-serif; font-size:14px; font-weight:400; line-height:2.2em; text-align:left; color:#11263d; margin-top:30px;\"><p>Auf Wunsch k\u00fcmmern wir uns um alle Dinge, \u2028die f\u00fcr den gro\u00dfen Tag ben\u00f6tigt werden. Ob Limousine oder Kutsche, Brautstrau\u00df, \u2028Fris\u00f6r, Make-up, die Unterbringung der G\u00e4ste \u2028in unseren historischen Zimmern und Suiten, Gourmet Men\u00fc Vorschl\u00e4ge, Tisch-Karten, Dekoration, die musikalische Gestaltung oder das Fr\u00fchst\u00fcck am Morgen danach. Auch \u2028f\u00fcr Heiratsantr\u00e4ge, Verlobungen oder Hochzeits-Jubil\u00e4en ist der H\u00d6ERHOF pr\u00e4destiniert und bietet Ihnen einen individuellen Service ganz nach Ihren W\u00fcnschen und Vorstellungen \u2013 Sie m\u00fcssen nur noch Ja sagen!<\/p>\n<\/h4><link href='http:\/\/fonts.googleapis.com\/css?family=Ubuntu:700' rel='stylesheet' type='text\/css'><div  class=\"special-text\" style=\" font-family:Ubuntu, san-serif; font-size:12px; font-weight:700; text-align:left; color:#9a8a61; text-transform:uppercase; letter-spacing:1px; margin-top:25px;\"><p><a href=\"https:\/\/www.hoerhof.de\/feiern\/traumhochzeit\/?jumpurl=uploads%2Fmedia%2FHochzeitsprospekt.pdf&amp;juSecure=1&amp;mimeType=application%2Fpdf&amp;locationData=143%3Att_content%3A592&amp;juHash=19149b8164359ad8142e04f14a9359de0848c5a9\">Weitere Informationen<i class=\"vc_btn3-icon fa fa-arrow-right\" style=\"font-weight: normal !important; font-size: 8px !important; margin-left: 10px; top: -2px; position: relative;\"><\/i><\/a><\/p>\n<\/div>[\/vc_column][vc_column width=&#8221;1\/12&#8243;][\/vc_column][vc_column width=&#8221;5\/12&#8243;]<img decoding=\"async\"  class=\"img-responsive  \" src=\"https:\/\/www.hoerhof.de\/start\/wp-content\/uploads\/2018\/10\/hochzeiten-01.jpg\" alt=\"\">[\/vc_column][\/vc_row][vc_row css=&#8221;.vc_custom_1539166708628{padding-bottom: 150px !important;}&#8221;][vc_column]<link href='http:\/\/fonts.googleapis.com\/css?family=Ubuntu:700' rel='stylesheet' type='text\/css'><div  class=\"special-text\" style=\" font-family:Ubuntu, san-serif; font-size:12px; font-weight:700; text-align:left; color:#9a8a61; text-transform:uppercase; letter-spacing:1px; margin-top:25px;\"><p><a href=\"https:\/\/www.hoerhof.de\/2019\/hochzeiten-familienfeiern\/\"><i class=\"vc_btn3-icon fa fa-arrow-left\" style=\"font-weight: normal !important; font-size: 8px !important; margin-right: 10px; top: -2px; position: relative;\"><\/i>Zur\u00fcck<\/a><\/p>\n<\/div>[\/vc_column][\/vc_row][vc_row full_width=&#8221;stretch_row&#8221; css=&#8221;.vc_custom_1539099694543{padding-top: 30px !important;padding-bottom: 50px !important;background-color: #d4555a !important;}&#8221;][vc_column width=&#8221;9\/12&#8243; css=&#8221;.vc_custom_1539099279707{background-color: #d4555a !important;}&#8221;]<link href='http:\/\/fonts.googleapis.com\/css?family=Playfair+Display:400' rel='stylesheet' type='text\/css'><h2  class=\"special-text\" style=\" font-family:Playfair Display, san-serif; font-size:16px; font-weight:400; line-height:1.7; text-align:left; color:#ffffff; text-transform:uppercase; letter-spacing:2px;\"><p class=\"p1\"><span class=\"s1\">tRAUMHOCHZEIT IM H\u00d6HERHOF<\/span><\/p>\n<\/h2><link href='http:\/\/fonts.googleapis.com\/css?family=Ubuntu:400' rel='stylesheet' type='text\/css'><div  class=\"special-text\" style=\" font-family:Ubuntu, san-serif; font-size:14px; font-weight:400; line-height:2.2em; text-align:left; color:#ffffff; margin-top:-5px;\"><p>Sie sind \u00fcberzeugt vom H\u00d6ERHOF und m\u00f6chten Ihre Traumhochzeit gemeinsam<br \/>\nmit uns planen und feiern? Dann kontaktieren Sie uns ganz einfach.<\/p>\n<\/div>[\/vc_column][vc_column width=&#8221;3\/12&#8243; css=&#8221;.vc_custom_1539076799643{margin-top: 40px !important;}&#8221;][vc_btn title=&#8221;Jetzt Hochzeit planen&#8221; style=&#8221;flat&#8221; shape=&#8221;square&#8221; color=&#8221;white&#8221; i_align=&#8221;right&#8221; i_icon_fontawesome=&#8221;fa fa-arrow-right&#8221; add_icon=&#8221;true&#8221; link=&#8221;url:mailto%3A%20info%40hoerhof.de|||&#8221; el_class=&#8221;button-hoer&#8221;][\/vc_column][\/vc_row]<\/p>\n<\/section>","protected":false},"excerpt":{"rendered":"<p>[vc_row full_width=&#8221;stretch_row_content_no_spaces&#8221;][vc_column width=&#8221;1\/6&#8243;][\/vc_column][vc_column width=&#8221;5\/6&#8243;][\/vc_column][vc_column][\/vc_column][\/vc_row][vc_row][vc_column css=&#8221;.vc_custom_1539101041277{margin-top: -40px !important;margin-bottom: 0px !important;}&#8221;][vc_row_inner][vc_column_inner width=&#8221;1\/2&#8243; css=&#8221;.vc_custom_1538474405016{padding-top: 0px !important;padding-right: 0px !important;padding-bottom: 0px !important;padding-left: 15px !important;}&#8221;][\/vc_column_inner][vc_column_inner width=&#8221;1\/2&#8243;][\/vc_column_inner][\/vc_row_inner][\/vc_column][\/vc_row][vc_row css=&#8221;.vc_custom_1539164788462{padding-top: 150px !important;padding-bottom: 50px !important;}&#8221;][vc_column css=&#8221;.vc_custom_1537887176394{padding-right: 100px !important;}&#8221;][vc_row_inner][vc_column_inner][vc_empty_space height=&#8221;40&#8243;][vc_empty_space height=&#8221;100&#8243;][vc_empty_space [&hellip;]<\/p>\n","protected":false},"author":2,"featured_media":0,"parent":2862,"menu_order":0,"comment_status":"closed","ping_status":"closed","template":"","meta":{"_price":"","_stock":"","_tribe_ticket_header":"","_tribe_default_ticket_provider":"","_tribe_ticket_capacity":"0","_ticket_start_date":"","_ticket_end_date":"","_tribe_ticket_show_description":"","_tribe_ticket_show_not_going":false,"_tribe_ticket_use_global_stock":"","_tribe_ticket_global_stock_level":"","_global_stock_mode":"","_global_stock_cap":"","_tribe_rsvp_for_event":"","_tribe_ticket_going_count":"","_tribe_ticket_not_going_count":"","_tribe_tickets_list":"[]","_tribe_ticket_has_attendee_info_fields":false,"footnotes":"","_tec_slr_enabled":"","_tec_slr_layout":"","_links_to":"","_links_to_target":""},"class_list":["post-2945","page","type-page","status-publish","hentry"],"yoast_head":"<!-- This site is optimized with the Yoast SEO plugin v27.5 - https:\/\/yoast.com\/product\/yoast-seo-wordpress\/ -->\n<title>Planen Sie ihre Traumhochzeit mit unserer Wedding Plannerin<\/title>\n<meta name=\"description\" content=\"Damit Ihre Hochzeit zum sch\u00f6nsten Tag im Leben wird, ist eine sorgf\u00e4ltige Planung und besonders das richtige Timing notwendig. Wir haben f\u00fcr Sie ..\" \/>\n<meta name=\"robots\" content=\"index, follow, max-snippet:-1, max-image-preview:large, max-video-preview:-1\" \/>\n<link rel=\"canonical\" href=\"https:\/\/www.hoerhof.de\/start\/hochzeit-hoehrhof-idstein\/traumhochzeit-planen\/\" \/>\n<meta property=\"og:locale\" content=\"de_DE\" \/>\n<meta property=\"og:type\" content=\"article\" \/>\n<meta property=\"og:title\" content=\"Planen Sie ihre Traumhochzeit mit unserer Wedding Plannerin\" \/>\n<meta property=\"og:description\" content=\"Damit Ihre Hochzeit zum sch\u00f6nsten Tag im Leben wird, ist eine sorgf\u00e4ltige Planung und besonders das richtige Timing notwendig. Wir haben f\u00fcr Sie ..\" \/>\n<meta property=\"og:url\" content=\"https:\/\/www.hoerhof.de\/start\/hochzeit-hoehrhof-idstein\/traumhochzeit-planen\/\" \/>\n<meta property=\"og:site_name\" content=\"Restaurant ****Hotel H\u00d6ERHOF in Idstein bei Frankfurt\" \/>\n<meta property=\"article:modified_time\" content=\"2020-05-06T15:52:29+00:00\" \/>\n<meta name=\"twitter:label1\" content=\"Gesch\u00e4tzte Lesezeit\" \/>\n\t<meta name=\"twitter:data1\" content=\"7\u00a0Minuten\" \/>\n<script type=\"application\/ld+json\" class=\"yoast-schema-graph\">{\"@context\":\"https:\\\/\\\/schema.org\",\"@graph\":[{\"@type\":\"WebPage\",\"@id\":\"https:\\\/\\\/www.hoerhof.de\\\/start\\\/hochzeit-hoehrhof-idstein\\\/traumhochzeit-planen\\\/\",\"url\":\"https:\\\/\\\/www.hoerhof.de\\\/start\\\/hochzeit-hoehrhof-idstein\\\/traumhochzeit-planen\\\/\",\"name\":\"Planen Sie ihre Traumhochzeit mit unserer Wedding Plannerin\",\"isPartOf\":{\"@id\":\"https:\\\/\\\/www.hoerhof.de\\\/start\\\/#website\"},\"datePublished\":\"2018-10-09T16:00:23+00:00\",\"dateModified\":\"2020-05-06T15:52:29+00:00\",\"description\":\"Damit Ihre Hochzeit zum sch\u00f6nsten Tag im Leben wird, ist eine sorgf\u00e4ltige Planung und besonders das richtige Timing notwendig. Wir haben f\u00fcr Sie ..\",\"breadcrumb\":{\"@id\":\"https:\\\/\\\/www.hoerhof.de\\\/start\\\/hochzeit-hoehrhof-idstein\\\/traumhochzeit-planen\\\/#breadcrumb\"},\"inLanguage\":\"de\",\"potentialAction\":[{\"@type\":\"ReadAction\",\"target\":[\"https:\\\/\\\/www.hoerhof.de\\\/start\\\/hochzeit-hoehrhof-idstein\\\/traumhochzeit-planen\\\/\"]}]},{\"@type\":\"BreadcrumbList\",\"@id\":\"https:\\\/\\\/www.hoerhof.de\\\/start\\\/hochzeit-hoehrhof-idstein\\\/traumhochzeit-planen\\\/#breadcrumb\",\"itemListElement\":[{\"@type\":\"ListItem\",\"position\":1,\"name\":\"Startseite\",\"item\":\"https:\\\/\\\/www.hoerhof.de\\\/start\\\/\"},{\"@type\":\"ListItem\",\"position\":2,\"name\":\"Hochzeiten\",\"item\":\"https:\\\/\\\/www.hoerhof.de\\\/start\\\/hochzeit-hoehrhof-idstein\\\/\"},{\"@type\":\"ListItem\",\"position\":3,\"name\":\"Traumhochzeit planen\"}]},{\"@type\":\"WebSite\",\"@id\":\"https:\\\/\\\/www.hoerhof.de\\\/start\\\/#website\",\"url\":\"https:\\\/\\\/www.hoerhof.de\\\/start\\\/\",\"name\":\"Restaurant ****Hotel H\u00d6ERHOF in Idstein bei Frankfurt\",\"description\":\"Speisen und Schlafen vom Feinsten\",\"potentialAction\":[{\"@type\":\"SearchAction\",\"target\":{\"@type\":\"EntryPoint\",\"urlTemplate\":\"https:\\\/\\\/www.hoerhof.de\\\/start\\\/?s={search_term_string}\"},\"query-input\":{\"@type\":\"PropertyValueSpecification\",\"valueRequired\":true,\"valueName\":\"search_term_string\"}}],\"inLanguage\":\"de\"}]}<\/script>\n<!-- \/ Yoast SEO plugin. -->","yoast_head_json":{"title":"Planen Sie ihre Traumhochzeit mit unserer Wedding Plannerin","description":"Damit Ihre Hochzeit zum sch\u00f6nsten Tag im Leben wird, ist eine sorgf\u00e4ltige Planung und besonders das richtige Timing notwendig. Wir haben f\u00fcr Sie ..","robots":{"index":"index","follow":"follow","max-snippet":"max-snippet:-1","max-image-preview":"max-image-preview:large","max-video-preview":"max-video-preview:-1"},"canonical":"https:\/\/www.hoerhof.de\/start\/hochzeit-hoehrhof-idstein\/traumhochzeit-planen\/","og_locale":"de_DE","og_type":"article","og_title":"Planen Sie ihre Traumhochzeit mit unserer Wedding Plannerin","og_description":"Damit Ihre Hochzeit zum sch\u00f6nsten Tag im Leben wird, ist eine sorgf\u00e4ltige Planung und besonders das richtige Timing notwendig. Wir haben f\u00fcr Sie ..","og_url":"https:\/\/www.hoerhof.de\/start\/hochzeit-hoehrhof-idstein\/traumhochzeit-planen\/","og_site_name":"Restaurant ****Hotel H\u00d6ERHOF in Idstein bei Frankfurt","article_modified_time":"2020-05-06T15:52:29+00:00","twitter_misc":{"Gesch\u00e4tzte Lesezeit":"7\u00a0Minuten"},"schema":{"@context":"https:\/\/schema.org","@graph":[{"@type":"WebPage","@id":"https:\/\/www.hoerhof.de\/start\/hochzeit-hoehrhof-idstein\/traumhochzeit-planen\/","url":"https:\/\/www.hoerhof.de\/start\/hochzeit-hoehrhof-idstein\/traumhochzeit-planen\/","name":"Planen Sie ihre Traumhochzeit mit unserer Wedding Plannerin","isPartOf":{"@id":"https:\/\/www.hoerhof.de\/start\/#website"},"datePublished":"2018-10-09T16:00:23+00:00","dateModified":"2020-05-06T15:52:29+00:00","description":"Damit Ihre Hochzeit zum sch\u00f6nsten Tag im Leben wird, ist eine sorgf\u00e4ltige Planung und besonders das richtige Timing notwendig. Wir haben f\u00fcr Sie ..","breadcrumb":{"@id":"https:\/\/www.hoerhof.de\/start\/hochzeit-hoehrhof-idstein\/traumhochzeit-planen\/#breadcrumb"},"inLanguage":"de","potentialAction":[{"@type":"ReadAction","target":["https:\/\/www.hoerhof.de\/start\/hochzeit-hoehrhof-idstein\/traumhochzeit-planen\/"]}]},{"@type":"BreadcrumbList","@id":"https:\/\/www.hoerhof.de\/start\/hochzeit-hoehrhof-idstein\/traumhochzeit-planen\/#breadcrumb","itemListElement":[{"@type":"ListItem","position":1,"name":"Startseite","item":"https:\/\/www.hoerhof.de\/start\/"},{"@type":"ListItem","position":2,"name":"Hochzeiten","item":"https:\/\/www.hoerhof.de\/start\/hochzeit-hoehrhof-idstein\/"},{"@type":"ListItem","position":3,"name":"Traumhochzeit planen"}]},{"@type":"WebSite","@id":"https:\/\/www.hoerhof.de\/start\/#website","url":"https:\/\/www.hoerhof.de\/start\/","name":"Restaurant ****Hotel H\u00d6ERHOF in Idstein bei Frankfurt","description":"Speisen und Schlafen vom Feinsten","potentialAction":[{"@type":"SearchAction","target":{"@type":"EntryPoint","urlTemplate":"https:\/\/www.hoerhof.de\/start\/?s={search_term_string}"},"query-input":{"@type":"PropertyValueSpecification","valueRequired":true,"valueName":"search_term_string"}}],"inLanguage":"de"}]}},"ticketed":false,"_links":{"self":[{"href":"https:\/\/www.hoerhof.de\/start\/wp-json\/wp\/v2\/pages\/2945","targetHints":{"allow":["GET"]}}],"collection":[{"href":"https:\/\/www.hoerhof.de\/start\/wp-json\/wp\/v2\/pages"}],"about":[{"href":"https:\/\/www.hoerhof.de\/start\/wp-json\/wp\/v2\/types\/page"}],"author":[{"embeddable":true,"href":"https:\/\/www.hoerhof.de\/start\/wp-json\/wp\/v2\/users\/2"}],"replies":[{"embeddable":true,"href":"https:\/\/www.hoerhof.de\/start\/wp-json\/wp\/v2\/comments?post=2945"}],"version-history":[{"count":5,"href":"https:\/\/www.hoerhof.de\/start\/wp-json\/wp\/v2\/pages\/2945\/revisions"}],"predecessor-version":[{"id":5321,"href":"https:\/\/www.hoerhof.de\/start\/wp-json\/wp\/v2\/pages\/2945\/revisions\/5321"}],"up":[{"embeddable":true,"href":"https:\/\/www.hoerhof.de\/start\/wp-json\/wp\/v2\/pages\/2862"}],"wp:attachment":[{"href":"https:\/\/www.hoerhof.de\/start\/wp-json\/wp\/v2\/media?parent=2945"}],"curies":[{"name":"wp","href":"https:\/\/api.w.org\/{rel}","templated":true}]}}