{"id":9794,"date":"2026-08-11T22:18:32","date_gmt":"2026-08-11T20:18:32","guid":{"rendered":"https:\/\/www.hoerhof.de\/start\/?post_type=tribe_events&#038;p=9794"},"modified":"2026-08-11T22:18:32","modified_gmt":"2026-08-11T20:18:32","slug":"weihnachten-im-hoeerhof","status":"publish","type":"tribe_events","link":"https:\/\/www.hoerhof.de\/start\/veranstaltung\/weihnachten-im-hoeerhof\/","title":{"rendered":"Weihnachten im H\u00d6ERHOF"},"content":{"rendered":"<section class=\"wpb-content-wrapper\"><p>[vc_row][vc_column]<div class=\"text-block \" ><div class=\"simple-text \"><div class=\"xdj266r x14z9mp xat24cr x1lziwak x1vvkbs\">\n<div class=\"xdj266r x14z9mp xat24cr x1lziwak x1vvkbs\">\n<div class=\"xdj266r x14z9mp xat24cr x1lziwak x1vvkbs\">Ja ist denn wirklich schon bald wieder Weihnachten?<br class=\"html-br\" \/>Wenn die Weihnachtsengel heimlich durch die L\u00fcfte sausen und Santa stillvergn\u00fcgt die Kufen seines Schlittens wachst, dann ist es Zeit zu uns in den H\u00d6ERHOF zu kommen \u2013 Um die Weihnachtszeit haben wir viele G\u00e4ste in unserem sch\u00f6nen Haus.<br class=\"html-br\" \/>Da wird unser Haus liebevoll in ein weihnachtlich gl\u00e4nzendes Szenario verwandelt und unsere H\u00d6ERHOF K\u00fcche produziert himmlische Gaumenfreuden f\u00fcr unsere G\u00e4ste.<\/div>\n<div class=\"x14z9mp xat24cr x1lziwak x1vvkbs xtlvy1s\"><\/div>\n<div class=\"x14z9mp xat24cr x1lziwak x1vvkbs xtlvy1s\">Da wir an den Feiertagen viele G\u00e4ste erwarten, bitten wir Sie, uns bis zum 23. Dezember 2026 Ihre Men\u00fcfolge mitzuteilen, die Men\u00fcs werden Anfang November bereitgestellt. Aufgrund der begrenzten Pl\u00e4tze nehmen wir nur Essensbestellungen ab 3 G\u00e4ngen an. Wir danken f\u00fcr Ihr Verst\u00e4ndnis und freuen uns auf wundersch\u00f6ne Festtage mit Ihnen!<br class=\"html-br\" \/>Ihre Gastgeberin Sabine Kogge mit Ihren H\u00d6ERHOF \u2013 Geistern<\/div>\n<\/div>\n<\/div>\n<\/div><\/div>[\/vc_column][\/vc_row]<\/p>\n<\/section>","protected":false},"excerpt":{"rendered":"<p>Ja ist denn wirklich schon bald wieder Weihnachten<\/p>\n","protected":false},"author":2,"featured_media":2080,"template":"","meta":{"_price":"","_stock":"","_tribe_ticket_header":"","_tribe_default_ticket_provider":"","_tribe_ticket_capacity":"0","_ticket_start_date":"","_ticket_end_date":"","_tribe_ticket_show_description":"","_tribe_ticket_show_not_going":false,"_tribe_ticket_use_global_stock":"","_tribe_ticket_global_stock_level":"","_global_stock_mode":"","_global_stock_cap":"","_tribe_rsvp_for_event":"","_tribe_ticket_going_count":"","_tribe_ticket_not_going_count":"","_tribe_tickets_list":"[]","_tribe_ticket_has_attendee_info_fields":false,"_tribe_events_status":"","_tribe_events_status_reason":"","footnotes":"","_tec_slr_enabled":"","_tec_slr_layout":"","_links_to":"","_links_to_target":""},"tags":[],"tribe_events_cat":[19,23],"class_list":["post-9794","tribe_events","type-tribe_events","status-publish","has-post-thumbnail","hentry","tribe_events_cat-events","tribe_events_cat-winter","cat_events","cat_winter"],"yoast_head":"<!-- This site is optimized with the Yoast SEO plugin v28.4 - https:\/\/yoast.com\/product\/yoast-seo-wordpress\/ -->\n<title>Weihnachten im H\u00d6ERHOF - Restaurant ****Hotel H\u00d6ERHOF in Idstein bei Frankfurt<\/title>\n<meta name=\"description\" content=\"Ja ist denn wirklich schon bald wieder Weihnachten? Wenn die Weihnachtsengel heimlich durch die L\u00fcfte sausen...\" \/>\n<meta name=\"robots\" content=\"index, follow, max-snippet:-1, max-image-preview:large, max-video-preview:-1\" \/>\n<link rel=\"canonical\" href=\"https:\/\/www.hoerhof.de\/start\/veranstaltung\/weihnachten-im-hoeerhof\/\" \/>\n<meta property=\"og:locale\" content=\"de_DE\" \/>\n<meta property=\"og:type\" content=\"article\" \/>\n<meta property=\"og:title\" content=\"Weihnachten im H\u00d6ERHOF - Restaurant ****Hotel H\u00d6ERHOF in Idstein bei Frankfurt\" \/>\n<meta property=\"og:description\" content=\"Ja ist denn wirklich schon bald wieder Weihnachten? Wenn die Weihnachtsengel heimlich durch die L\u00fcfte sausen...\" \/>\n<meta property=\"og:url\" content=\"https:\/\/www.hoerhof.de\/start\/veranstaltung\/weihnachten-im-hoeerhof\/\" \/>\n<meta property=\"og:site_name\" content=\"Restaurant ****Hotel H\u00d6ERHOF in Idstein bei Frankfurt\" \/>\n<meta property=\"og:image\" content=\"https:\/\/www.hoerhof.de\/start\/wp-content\/uploads\/2018\/09\/xmas.jpg\" \/>\n\t<meta property=\"og:image:width\" content=\"1500\" \/>\n\t<meta property=\"og:image:height\" content=\"750\" \/>\n\t<meta property=\"og:image:type\" content=\"image\/jpeg\" \/>\n<meta name=\"twitter:label1\" content=\"Gesch\u00e4tzte Lesezeit\" \/>\n\t<meta name=\"twitter:data1\" content=\"1\u00a0Minute\" \/>\n<script type=\"application\/ld+json\" class=\"yoast-schema-graph\">{\"@context\":\"https:\\\/\\\/schema.org\",\"@graph\":[{\"@type\":\"WebPage\",\"@id\":\"https:\\\/\\\/www.hoerhof.de\\\/start\\\/veranstaltung\\\/weihnachten-im-hoeerhof\\\/\",\"url\":\"https:\\\/\\\/www.hoerhof.de\\\/start\\\/veranstaltung\\\/weihnachten-im-hoeerhof\\\/\",\"name\":\"Weihnachten im H\u00d6ERHOF - Restaurant ****Hotel H\u00d6ERHOF in Idstein bei Frankfurt\",\"isPartOf\":{\"@id\":\"https:\\\/\\\/www.hoerhof.de\\\/start\\\/#website\"},\"primaryImageOfPage\":{\"@id\":\"https:\\\/\\\/www.hoerhof.de\\\/start\\\/veranstaltung\\\/weihnachten-im-hoeerhof\\\/#primaryimage\"},\"image\":{\"@id\":\"https:\\\/\\\/www.hoerhof.de\\\/start\\\/veranstaltung\\\/weihnachten-im-hoeerhof\\\/#primaryimage\"},\"thumbnailUrl\":\"https:\\\/\\\/www.hoerhof.de\\\/start\\\/wp-content\\\/uploads\\\/2018\\\/09\\\/xmas.jpg\",\"datePublished\":\"2026-08-11T20:18:32+00:00\",\"description\":\"Ja ist denn wirklich schon bald wieder Weihnachten? Wenn die Weihnachtsengel heimlich durch die L\u00fcfte sausen...\",\"breadcrumb\":{\"@id\":\"https:\\\/\\\/www.hoerhof.de\\\/start\\\/veranstaltung\\\/weihnachten-im-hoeerhof\\\/#breadcrumb\"},\"inLanguage\":\"de\",\"potentialAction\":[{\"@type\":\"ReadAction\",\"target\":[\"https:\\\/\\\/www.hoerhof.de\\\/start\\\/veranstaltung\\\/weihnachten-im-hoeerhof\\\/\"]}]},{\"@type\":\"ImageObject\",\"inLanguage\":\"de\",\"@id\":\"https:\\\/\\\/www.hoerhof.de\\\/start\\\/veranstaltung\\\/weihnachten-im-hoeerhof\\\/#primaryimage\",\"url\":\"https:\\\/\\\/www.hoerhof.de\\\/start\\\/wp-content\\\/uploads\\\/2018\\\/09\\\/xmas.jpg\",\"contentUrl\":\"https:\\\/\\\/www.hoerhof.de\\\/start\\\/wp-content\\\/uploads\\\/2018\\\/09\\\/xmas.jpg\",\"width\":1500,\"height\":750,\"caption\":\"H\u00f6erhof Idstein \u2013 festliche Atmosph\u00e4re zu Weihnachten\"},{\"@type\":\"BreadcrumbList\",\"@id\":\"https:\\\/\\\/www.hoerhof.de\\\/start\\\/veranstaltung\\\/weihnachten-im-hoeerhof\\\/#breadcrumb\",\"itemListElement\":[{\"@type\":\"ListItem\",\"position\":1,\"name\":\"Startseite\",\"item\":\"https:\\\/\\\/www.hoerhof.de\\\/start\\\/\"},{\"@type\":\"ListItem\",\"position\":2,\"name\":\"Veranstaltungen\",\"item\":\"https:\\\/\\\/www.hoerhof.de\\\/start\\\/events\\\/\"},{\"@type\":\"ListItem\",\"position\":3,\"name\":\"Weihnachten im H\u00d6ERHOF\"}]},{\"@type\":\"WebSite\",\"@id\":\"https:\\\/\\\/www.hoerhof.de\\\/start\\\/#website\",\"url\":\"https:\\\/\\\/www.hoerhof.de\\\/start\\\/\",\"name\":\"Restaurant ****Hotel H\u00d6ERHOF in Idstein bei Frankfurt\",\"description\":\"Speisen und Schlafen vom Feinsten\",\"potentialAction\":[{\"@type\":\"SearchAction\",\"target\":{\"@type\":\"EntryPoint\",\"urlTemplate\":\"https:\\\/\\\/www.hoerhof.de\\\/start\\\/?s={search_term_string}\"},\"query-input\":{\"@type\":\"PropertyValueSpecification\",\"valueRequired\":true,\"valueName\":\"search_term_string\"}}],\"inLanguage\":\"de\"}]}<\/script>\n<!-- \/ Yoast SEO plugin. -->","yoast_head_json":{"title":"Weihnachten im H\u00d6ERHOF - Restaurant ****Hotel H\u00d6ERHOF in Idstein bei Frankfurt","description":"Ja ist denn wirklich schon bald wieder Weihnachten? Wenn die Weihnachtsengel heimlich durch die L\u00fcfte sausen...","robots":{"index":"index","follow":"follow","max-snippet":"max-snippet:-1","max-image-preview":"max-image-preview:large","max-video-preview":"max-video-preview:-1"},"canonical":"https:\/\/www.hoerhof.de\/start\/veranstaltung\/weihnachten-im-hoeerhof\/","og_locale":"de_DE","og_type":"article","og_title":"Weihnachten im H\u00d6ERHOF - Restaurant ****Hotel H\u00d6ERHOF in Idstein bei Frankfurt","og_description":"Ja ist denn wirklich schon bald wieder Weihnachten? Wenn die Weihnachtsengel heimlich durch die L\u00fcfte sausen...","og_url":"https:\/\/www.hoerhof.de\/start\/veranstaltung\/weihnachten-im-hoeerhof\/","og_site_name":"Restaurant ****Hotel H\u00d6ERHOF in Idstein bei Frankfurt","og_image":[{"width":1500,"height":750,"url":"https:\/\/www.hoerhof.de\/start\/wp-content\/uploads\/2018\/09\/xmas.jpg","type":"image\/jpeg"}],"twitter_misc":{"Gesch\u00e4tzte Lesezeit":"1\u00a0Minute"},"schema":{"@context":"https:\/\/schema.org","@graph":[{"@type":"WebPage","@id":"https:\/\/www.hoerhof.de\/start\/veranstaltung\/weihnachten-im-hoeerhof\/","url":"https:\/\/www.hoerhof.de\/start\/veranstaltung\/weihnachten-im-hoeerhof\/","name":"Weihnachten im H\u00d6ERHOF - Restaurant ****Hotel H\u00d6ERHOF in Idstein bei Frankfurt","isPartOf":{"@id":"https:\/\/www.hoerhof.de\/start\/#website"},"primaryImageOfPage":{"@id":"https:\/\/www.hoerhof.de\/start\/veranstaltung\/weihnachten-im-hoeerhof\/#primaryimage"},"image":{"@id":"https:\/\/www.hoerhof.de\/start\/veranstaltung\/weihnachten-im-hoeerhof\/#primaryimage"},"thumbnailUrl":"https:\/\/www.hoerhof.de\/start\/wp-content\/uploads\/2018\/09\/xmas.jpg","datePublished":"2026-08-11T20:18:32+00:00","description":"Ja ist denn wirklich schon bald wieder Weihnachten? Wenn die Weihnachtsengel heimlich durch die L\u00fcfte sausen...","breadcrumb":{"@id":"https:\/\/www.hoerhof.de\/start\/veranstaltung\/weihnachten-im-hoeerhof\/#breadcrumb"},"inLanguage":"de","potentialAction":[{"@type":"ReadAction","target":["https:\/\/www.hoerhof.de\/start\/veranstaltung\/weihnachten-im-hoeerhof\/"]}]},{"@type":"ImageObject","inLanguage":"de","@id":"https:\/\/www.hoerhof.de\/start\/veranstaltung\/weihnachten-im-hoeerhof\/#primaryimage","url":"https:\/\/www.hoerhof.de\/start\/wp-content\/uploads\/2018\/09\/xmas.jpg","contentUrl":"https:\/\/www.hoerhof.de\/start\/wp-content\/uploads\/2018\/09\/xmas.jpg","width":1500,"height":750,"caption":"H\u00f6erhof Idstein \u2013 festliche Atmosph\u00e4re zu Weihnachten"},{"@type":"BreadcrumbList","@id":"https:\/\/www.hoerhof.de\/start\/veranstaltung\/weihnachten-im-hoeerhof\/#breadcrumb","itemListElement":[{"@type":"ListItem","position":1,"name":"Startseite","item":"https:\/\/www.hoerhof.de\/start\/"},{"@type":"ListItem","position":2,"name":"Veranstaltungen","item":"https:\/\/www.hoerhof.de\/start\/events\/"},{"@type":"ListItem","position":3,"name":"Weihnachten im H\u00d6ERHOF"}]},{"@type":"WebSite","@id":"https:\/\/www.hoerhof.de\/start\/#website","url":"https:\/\/www.hoerhof.de\/start\/","name":"Restaurant ****Hotel H\u00d6ERHOF in Idstein bei Frankfurt","description":"Speisen und Schlafen vom Feinsten","potentialAction":[{"@type":"SearchAction","target":{"@type":"EntryPoint","urlTemplate":"https:\/\/www.hoerhof.de\/start\/?s={search_term_string}"},"query-input":{"@type":"PropertyValueSpecification","valueRequired":true,"valueName":"search_term_string"}}],"inLanguage":"de"}]}},"ticketed":false,"_links":{"self":[{"href":"https:\/\/www.hoerhof.de\/start\/wp-json\/wp\/v2\/tribe_events\/9794","targetHints":{"allow":["GET"]}}],"collection":[{"href":"https:\/\/www.hoerhof.de\/start\/wp-json\/wp\/v2\/tribe_events"}],"about":[{"href":"https:\/\/www.hoerhof.de\/start\/wp-json\/wp\/v2\/types\/tribe_events"}],"author":[{"embeddable":true,"href":"https:\/\/www.hoerhof.de\/start\/wp-json\/wp\/v2\/users\/2"}],"version-history":[{"count":1,"href":"https:\/\/www.hoerhof.de\/start\/wp-json\/wp\/v2\/tribe_events\/9794\/revisions"}],"predecessor-version":[{"id":9795,"href":"https:\/\/www.hoerhof.de\/start\/wp-json\/wp\/v2\/tribe_events\/9794\/revisions\/9795"}],"wp:featuredmedia":[{"embeddable":true,"href":"https:\/\/www.hoerhof.de\/start\/wp-json\/wp\/v2\/media\/2080"}],"wp:attachment":[{"href":"https:\/\/www.hoerhof.de\/start\/wp-json\/wp\/v2\/media?parent=9794"}],"wp:term":[{"taxonomy":"post_tag","embeddable":true,"href":"https:\/\/www.hoerhof.de\/start\/wp-json\/wp\/v2\/tags?post=9794"},{"taxonomy":"tribe_events_cat","embeddable":true,"href":"https:\/\/www.hoerhof.de\/start\/wp-json\/wp\/v2\/tribe_events_cat?post=9794"}],"curies":[{"name":"wp","href":"https:\/\/api.w.org\/{rel}","templated":true}]}}

Weihnachten im HÖERHOF

<section class="wpb-content-wrapper"><p>[vc_row][vc_column]<div class="text-block " ><div class="simple-text "><div class="xdj266r x14z9mp xat24cr x1lziwak x1vvkbs">
<div class="xdj266r x14z9mp xat24cr x1lziwak x1vvkbs">
<div class="xdj266r x14z9mp xat24cr x1lziwak x1vvkbs">Ja ist denn wirklich schon bald wieder Weihnachten?<br class="html-br" />Wenn die Weihnachtsengel heimlich durch die Lüfte sausen und Santa stillvergnügt die Kufen seines Schlittens wachst, dann ist es Zeit zu uns in den HÖERHOF zu kommen – Um die Weihnachtszeit haben wir viele Gäste in unserem schönen Haus.<br class="html-br" />Da wird unser Haus liebevoll in ein weihnachtlich glänzendes Szenario verwandelt und unsere HÖERHOF Küche produziert himmlische Gaumenfreuden für unsere Gäste.</div>
<div class="x14z9mp xat24cr x1lziwak x1vvkbs xtlvy1s"></div>
<div class="x14z9mp xat24cr x1lziwak x1vvkbs xtlvy1s">Da wir an den Feiertagen viele Gäste erwarten, bitten wir Sie, uns bis zum 23. Dezember 2026 Ihre Menüfolge mitzuteilen, die Menüs werden Anfang November bereitgestellt. Aufgrund der begrenzten Plätze nehmen wir nur Essensbestellungen ab 3 Gängen an. Wir danken für Ihr Verständnis und freuen uns auf wunderschöne Festtage mit Ihnen!<br class="html-br" />Ihre Gastgeberin Sabine Kogge mit Ihren HÖERHOF – Geistern</div>
</div>
</div>
</div></div>[/vc_column][/vc_row]</p>
</section>

<!-- This site is optimized with the Yoast SEO plugin v28.4 - https://yoast.com/product/yoast-seo-wordpress/ -->
<title>Weihnachten im HÖERHOF - Restaurant ****Hotel HÖERHOF in Idstein bei Frankfurt</title>
<meta name="description" content="Ja ist denn wirklich schon bald wieder Weihnachten? Wenn die Weihnachtsengel heimlich durch die Lüfte sausen..." />
<meta name="robots" content="index, follow, max-snippet:-1, max-image-preview:large, max-video-preview:-1" />
<link rel="canonical" href="https://www.hoerhof.de/start/veranstaltung/weihnachten-im-hoeerhof/" />
<meta property="og:locale" content="de_DE" />
<meta property="og:type" content="article" />
<meta property="og:title" content="Weihnachten im HÖERHOF - Restaurant ****Hotel HÖERHOF in Idstein bei Frankfurt" />
<meta property="og:description" content="Ja ist denn wirklich schon bald wieder Weihnachten? Wenn die Weihnachtsengel heimlich durch die Lüfte sausen..." />
<meta property="og:url" content="https://www.hoerhof.de/start/veranstaltung/weihnachten-im-hoeerhof/" />
<meta property="og:site_name" content="Restaurant ****Hotel HÖERHOF in Idstein bei Frankfurt" />
<meta property="og:image" content="https://www.hoerhof.de/start/wp-content/uploads/2018/09/xmas.jpg" />
	<meta property="og:image:width" content="1500" />
	<meta property="og:image:height" content="750" />
	<meta property="og:image:type" content="image/jpeg" />
<meta name="twitter:label1" content="Geschätzte Lesezeit" />
	<meta name="twitter:data1" content="1 Minute" />
<script type="application/ld+json" class="yoast-schema-graph">{"@context":"https:\/\/schema.org","@graph":[{"@type":"WebPage","@id":"https:\/\/www.hoerhof.de\/start\/veranstaltung\/weihnachten-im-hoeerhof\/","url":"https:\/\/www.hoerhof.de\/start\/veranstaltung\/weihnachten-im-hoeerhof\/","name":"Weihnachten im HÖERHOF - Restaurant ****Hotel HÖERHOF in Idstein bei Frankfurt","isPartOf":{"@id":"https:\/\/www.hoerhof.de\/start\/#website"},"primaryImageOfPage":{"@id":"https:\/\/www.hoerhof.de\/start\/veranstaltung\/weihnachten-im-hoeerhof\/#primaryimage"},"image":{"@id":"https:\/\/www.hoerhof.de\/start\/veranstaltung\/weihnachten-im-hoeerhof\/#primaryimage"},"thumbnailUrl":"https:\/\/www.hoerhof.de\/start\/wp-content\/uploads\/2018\/09\/xmas.jpg","datePublished":"2026-08-11T20:18:32+00:00","description":"Ja ist denn wirklich schon bald wieder Weihnachten? Wenn die Weihnachtsengel heimlich durch die Lüfte sausen...","breadcrumb":{"@id":"https:\/\/www.hoerhof.de\/start\/veranstaltung\/weihnachten-im-hoeerhof\/#breadcrumb"},"inLanguage":"de","potentialAction":[{"@type":"ReadAction","target":["https:\/\/www.hoerhof.de\/start\/veranstaltung\/weihnachten-im-hoeerhof\/"]}]},{"@type":"ImageObject","inLanguage":"de","@id":"https:\/\/www.hoerhof.de\/start\/veranstaltung\/weihnachten-im-hoeerhof\/#primaryimage","url":"https:\/\/www.hoerhof.de\/start\/wp-content\/uploads\/2018\/09\/xmas.jpg","contentUrl":"https:\/\/www.hoerhof.de\/start\/wp-content\/uploads\/2018\/09\/xmas.jpg","width":1500,"height":750,"caption":"Höerhof Idstein – festliche Atmosphäre zu Weihnachten"},{"@type":"BreadcrumbList","@id":"https:\/\/www.hoerhof.de\/start\/veranstaltung\/weihnachten-im-hoeerhof\/#breadcrumb","itemListElement":[{"@type":"ListItem","position":1,"name":"Startseite","item":"https:\/\/www.hoerhof.de\/start\/"},{"@type":"ListItem","position":2,"name":"Veranstaltungen","item":"https:\/\/www.hoerhof.de\/start\/events\/"},{"@type":"ListItem","position":3,"name":"Weihnachten im HÖERHOF"}]},{"@type":"WebSite","@id":"https:\/\/www.hoerhof.de\/start\/#website","url":"https:\/\/www.hoerhof.de\/start\/","name":"Restaurant ****Hotel HÖERHOF in Idstein bei Frankfurt","description":"Speisen und Schlafen vom Feinsten","potentialAction":[{"@type":"SearchAction","target":{"@type":"EntryPoint","urlTemplate":"https:\/\/www.hoerhof.de\/start\/?s={search_term_string}"},"query-input":{"@type":"PropertyValueSpecification","valueRequired":true,"valueName":"search_term_string"}}],"inLanguage":"de"}]}</script>
<!-- / Yoast SEO plugin. -->

Weihnachten im HÖERHOF - Restaurant ****Hotel HÖERHOF in Idstein bei Frankfurt

Ja ist denn wirklich schon bald wieder Weihnachten? Wenn die Weihnachtsengel heimlich durch die Lüfte sausen...

Restaurant ****Hotel HÖERHOF in Idstein bei Frankfurt

Höerhof Idstein – festliche Atmosphäre zu Weihnachten
